hat is k(g)?
11
Suppose -4*n = -2*z - 50, -22 = 2*z - 285*n + 288*n. Let m(a) = -a + 6. What is m(z)?
23
Let s = 1 + 0. Let f(k) be the first derivative of -10*k**3/3 + k**2/2 - 9663. Calculate f(s).
-9
Let p(u) be the first derivative of u**3/3 - 3*u**2 - 19*u + 1252. Calculate p(9).
8
Let f(y) be the third derivative of -y**5/60 + y**4/2 - 35*y**3/6 - 412*y**2. Give f(9).
-8
Let s(h) = 2*h - 1. Let k(t) = -t**2 + 125*t - 253*t + 121*t + 2. Let i(n) = -k(n) - 2*s(n). Suppose 2*g - 18 = 5*g. Give i(g).
18
Let a(c) be the second derivative of -1/12*c**4 - 11/6*c**3 - 10*c**2 + 0 + 255*c. What is a(-7)?
8
Let a = 459 + -458. Let c(s) = -4*s - 1. Let k(m) = 20*m + 5. Let y(n) = 20*n + 5. Let l(w) = 4*k(w) - 5*y(w). Let q(h) = 11*c(h) - 2*l(h). Calculate q(a).
-5
Let i(c) = 318*c - c**3 - 630*c + 309*c - 31. What is i(0)?
-31
Let f(l) be the third derivative of -l**7/2520 - l**6/180 - l**5/60 - 25*l**3/3 - 2*l**2 + 29*l. Let t(z) be the third derivative of f(z). Give t(-3).
2
Let p(i) = -7*i - 7. Let m be p(-11). Let k be ((-4)/10)/(-2*7/m). Let a(c) = 4*c**2 - c**3 + 0 - 5*c + 4 + c**k. Determine a(4).
0
Let f(z) = -6*z + 1. Suppose 2 + 22 = -8*i. Let o be -5 + 0 + (-6)/i. What is f(o)?
19
Let d = -35528 + 35527. Let t(w) = -20*w**3 - 4*w - 5. Determine t(d).
19
Let c(m) = -m**3 + 9*m**2 + 7*m + 10. Let n be -13 - ((-12 - 21) + 15). Calculate c(n).
145
Let x = -4 - 19. Let o = x - -26. Suppose o*q = 12*q. Let s(r) = -r - 6. Determine s(q).
-6
Let j(k) = -k + 7. Let i = -19 + 19. Let c be j(i). Let h(m) = 2*m**2 - 12*m + 5. Let s(o) = -3*o**2 + 18*o - 7. Let p(f) = 7*h(f) + 5*s(f). What is p(c)?
-7
Let q(y) = -y**3 - 3*y**2 - 3*y + 3. Let t(r) = -9*r + 28. Let s be t(8). Let a be (-784)/s - (-8)/44. Suppose 13 = -4*j + l, -3*l + a = -2*j - 3*j. Give q(j).
12
Let w(c) = -c**2 - 15*c + 23. Let n be 8*(-48 - -23 - -23). Determine w(n).
7
Let y(t) be the first derivative of -t**4/4 - 8*t**3/3 - 4*t**2 - 9*t + 1. Let p = -250 + 465. Let v = p + -222. Determine y(v).
-2
Let k(c) = 15*c + 1. Suppose 0 = -4*u + 12*t - 8*t + 116, 0 = 2*u + 3*t - 68. Let z be u/10 + -1 + (-69)/690. What is k(z)?
31
Let t(c) = -1 - 47*c - 51*c + c**2 + 188*c - 49*c - 48*c. Determine t(0).
-1
Let o(z) = z**3 + 19*z**2 - 14*z - 9. Let q be o(-20). Let g = q - -128. Let u(w) = 7*w**2 - w - 1. Determine u(g).
7
Let q(i) = i + 3 + 3*i + i**2 + 3*i. Let g be (6064/(-24))/((-6)/(-9)). Let c = g + 375. Give q(c).
-9
Let g(x) = x**2 - 20*x + 16. Suppose m + 4*j - 21 = 0, -51*j + 20 = m - 48*j. Determine g(m).
-35
Suppose -143*z + 161*z + 212 + 184 = 0. Let a(k) = k**3 + 20*k**2 - 47*k - 50. Give a(z).
16
Let k(p) = 314764*p - 4 + 4 - 2 - 314763*p. Calculate k(7).
5
Suppose 4*g + 5*j + 6 + 56 = 0, g = 6*j + 28. Let l(k) = -27*k - 201. Determine l(g).
15
Suppose b - 59 = -60. Let j be b/3*10*(-21 + 24). Let l(g) = g**3 + 10*g**2 - g - 13. Give l(j).
-3
Let o be (5 - 42/9)*3*3. Let c(i) = -2*i**2 - 7*i**3 + 2*i + 6*i**2 + 2*i**o + 4*i**3 - 4. Give c(4).
4
Let v(l) = -l - 4. Let b(x) = 2*x + 9. Let r(o) = 3*b(o) + 5*v(o). Let y = -47 + 47. Suppose y = -5*q - 5*a - 50, 0*a = q + 2*a + 14. Give r(q).
1
Let d(g) = 56 - g - g - g. Suppose -21 = -514*b + 507*b, 93 = 5*i + b. Determine d(i).
2
Let i(l) = 69*l - 68. Let u(c) = 118*c - 137. Let s(g) = 7*i(g) - 4*u(g). Give s(-6).
6
Let b(j) be the third derivative of 0 - 14*j - 1/6*j**3 - 1/12*j**4 - j**2. Calculate b(-4).
7
Let b = -7937 + 7939. Let r(u) be the second derivative of -u**b + 5*u + 1/2*u**3 + 0. Give r(3).
7
Suppose -5*f = 5*j - 940, 3*f + 717 = 2*j + 2*j. Let z = j + -182. Let w(v) = 14*v**3 + 2*v**2 - 1. Give w(z).
15
Let c(g) = 3*g**2 - g + 1. Let d(p) = p**2 - 17*p + 15. Let n be d(16). Let s be (2 + -3)/n + -21 + 21. What is c(s)?
3
Let u be 5/4 + (12 - 1 - 2880/256). Let m(v) = 9*v**3 - v**2 + v + 1. Give m(u).
10
Let m(g) be the first derivative of -g**4/4 - g**3/3 + g**2/2 + 39*g + 53. Let w(c) be the first derivative of m(c). Calculate w(-2).
-7
Suppose -325*t - 1806 = 473*t + 1386. Let i(r) = 10*r - 10. Let j(a) = 3 - 2*a + a - 2*a. Let z(v) = 2*i(v) + 7*j(v). What is z(t)?
5
Let y(l) = 16*l + l**2 + 113 + 239 - 174 - 140. Give y(-6).
-22
Let j(l) = -l**2 - 5*l - 5. Suppose 3*t = -5*d - 27, 9 = t - 2*t - 4*d. Let a be (-14)/(t - -7) - 9. Give j(a).
1
Suppose -41*t - 37*t = 404 - 92. Let y(q) = -q**3 - 4*q**2 + 3*q - 6. Calculate y(t).
-18
Let g(i) be the second derivative of -i**5/60 - i**4/4 - 2*i**3/3 - 39*i**2/2 - 5*i - 26. Let x(q) be the first derivative of g(q). Give x(-7).
-11
Let i(d) = -6*d - 1. Suppose -3*g - 2*w = -2*g - 16, 3*w = 15. Suppose -31*m - 50 = -g*m. What is i(m)?
11
Let x = 15295 + -15305. Let l(j) = -j**3 - 8*j**2 + 18*j + 7. What is l(x)?
27
Let v(i) = -i**3 + 8*i**2 - 6*i - 10. Let b = -1013 - -1020. Determine v(b).
-3
Let n(z) = -z**3 + 13*z**2 + 8*z - 109. Let r be n(13). Let i(o) be the second derivative of o**5/20 + 5*o**4/12 + 2*o**3/3 + o**2 - 53*o - 2. What is i(r)?
-18
Let x(y) = y**3 + 5*y**2 - 2*y - 5. Let z(b) = b**2 - 13*b - 58. Let v be z(17). Let s = v + -12. Let p = s + -3. Calculate x(p).
5
Let a(b) = -b**2 - 12*b + 4. Let s be a(-12). Suppose -s*z = -5*f + 37 - 10, 3*f = 2*z + 15. Let h(t) = -2*t**2 - 1 - 4*t**3 + 0*t**2 + f*t**2. What is h(-1)?
4
Let z(k) be the first derivative of 2*k - 2*k**3 + 1/4*k**4 - 4*k**2 + 53. Calculate z(7).
-5
Let z(s) = -155*s + 1405. Let u be z(9). Let b(v) = -11*v + 110. Determine b(u).
0
Suppose 4*z - 41 = 3*w, -2*w = -5*w - 3*z - 6. Let s(h) = h**2 - 493*h - 488*h + 1479*h - 489*h. What is s(w)?
-14
Suppose 0 = -3*o + g + 55, -1404*g + 1400*g - 60 = -4*o. Let u(b) = -b**2 + 20*b - 6. Determine u(o).
-6
Let a(q) = q - 5. Suppose -5*c + 11 = f - 3*c, 4*c - 20 = 0. Let b be (4/6)/(4/36). Let j be 7 + (b/f)/(-2). Give a(j).
-1
Suppose -y = -4*y + 9. Let l(t) = y + t - 4 - 5 + 7. Calculate l(1).
2
Suppose 1600 + 980 = -5*p. Let y be 4/10 + p/(-60). Let g be (-8)/y*6/8*6. Let n(d) = d**3 + 4*d**2 + 4*d - 2. What is n(g)?
-18
Let a(i) = i**2 + 8*i + 15. Suppose -8 = -y - n + 37, -4*n - 180 = -4*y. Suppose 13*u + y + 7 = 0. Determine a(u).
-1
Let c(p) be the first derivative of p**5/20 + 7*p**4/12 - p**3/3 - 5*p**2/2 - 30*p + 57. Let g(q) be the first derivative of c(q). Calculate g(-7).
9
Let u(a) be the second derivative of 1/20*a**5 + 5/3*a**3 - 56*a - 2 + 13/2*a**2 - a**4. What is u(11)?
2
Let f(b) be the first derivative of -b**3/3 - 15*b**2/2 + 10*b + 44. Let g be f(-16). Let c(j) = j**3 + 7*j**2 + 8*j + 7. Calculate c(g).
-5
Let z(r) = -r - 5. Let u be z(-13). Let s(p) = -17*p - 3*p**2 - 8*p**2 + u - p**3 + 0*p**2. Let o be s(-9). Let t(k) = 11*k**3 - k**2 - 2*k - 1. Give t(o).
-11
Suppose -6*o - 2*i + 12 = -4*o, 0 = 4*o - 4*i + 32. Let q(f) be the first derivative of 8*f**3 + f + 5. Give q(o).
25
Let z be 17/(34/1)*-58. Let c(i) = i**3 + 28*i**2 - 28*i + 36. Give c(z).
7
Let x(b) = -b**3 - 5*b**2 + 5*b - 2. Let m(w) = -11*w**2 - 37*w - 32. Let t be m(-1). Give x(t).
4
Let r(i) = 42*i - 1. Let n be (4 - 0 - 2)*38/(-76). Determine r(n).
-43
Let i(h) = -h**2 + 2. Suppose g = 4*v - 2*v - 7, -4*v + 12 = 0. Let m be (g/(-2))/((-8)/(-496)). Let k = 28 - m. Give i(k).
-7
Let s be (4/2)/(14/28) + 23. Suppose -17*u - s*u = 176. Let p(k) = -4*k - 11. Determine p(u).
5
Let h = 622 - 621. Let o(j) = j**2 + 2*j - 1. Determine o(h).
2
Let z be (-2)/6*-5 + (-353)/(-1059). Let x(p) = -13*p**2 + 7*p - 32*p**z + 44*p**2 + 4. Let j be 1/(-1 - (-14)/12). Determine x(j).
10
Let h(b) = 2*b**2 + 8*b + 6. Suppose 3*r - 5*p + 28 = 39, 0 = 2*p + 8. Calculate h(r).
0
Suppose 5*h = -3*g - 7, 2*h + 11 = 4*g - 23. Let c(l) = -7*l - 6. Let p(s) = -s. Let j(z) = g*p(z) - c(z). What is j(-12)?
-6
Let p be (-28)/(-42)*(4 - 1). Suppose -2*x = -4*d - 6, -5*d - 4 = -x + p. Let f(l) = -2 - l - 5*l + 9 + 0 - 8. Determine f(x).
-7
Suppose -8*f + 4*f - 4*u - 12 = 0, u = -4*f + 3. Let j(x) = 2*x - x**f - 413 + x**3 - x + 418. Calculate j(0).
5
Let o(k) = -7*k**3 - 15*k**2 - 17*k + 16. Let z(c) = -12*c**3 - 29*c**2 - 33*c + 32. Let u(i) = -7*o(i) + 4*z(i). Determine u(12).
4
Let s(w) = -72*w - 127. Let z(j) = 91*j + 132. Let g(c) = 4*s(c) + 3*z(c). Determine g(-7).
-7
Suppose -4 = -4*d, 82 = -5*w + 4*w + 4*d. Let y = w + 72. Let s(p) = p**2 + 3*p + 2. Give s(y).
20
Let b(c) be the f